git of y?
6
Suppose 13*y - 2*y - 22 = 0. Suppose -2*d - y*d - 2*b - 204 = 0, -d = b + 52. What is the units digit of (d/4)/(1/(-14))?
5
What is the hundreds digit of 524*18 + (-9 - -8)/((-2)/8)?
4
Suppose -65 = -4*j + 7. Let y(g) = -g**3 + 21*g**2 + 6*g - 75. What is the units digit of y(j)?
5
What is the thousands digit of 849/(-21 + 18315/870)?
6
Let r(g) = -11*g + 84. Let p be r(9). What is the hundreds digit of (-10)/p + 5008/12?
4
Let c be (-8)/(-6)*(-32 + 47). Suppose 3421 = c*b + 341. What is the units digit of b?
4
What is the thousands digit of 106262*((-4)/(-2) - (198/(-12))/(-11))?
3
Let i be ((-100)/60)/((-2)/6) + -5. Suppose -2*f + c + 342 + 191 = 0, i = 4*c + 20. What is the units digit of f?
4
Suppose g - 168164 = -2*w - 18628, 74768 = w - 5*g. What is the hundreds digit of w?
7
Suppose -10359 = -2*t - 3*r, 412*r - 407*r + 15529 = 3*t. What is the tens digit of t?
7
Let o be -2 - 10/(30/(-57999)). Suppose 14*b = b + o. What is the units digit of b?
7
Let m(h) = 15334*h**2 - 2*h - 2. What is the ten thousands digit of m(-1)?
1
Suppose 3*x + 16 = 3*l + 7, -4*l = 2*x + 12. What is the hundreds digit of (417 - 6)*1 + l?
4
Let t be (-4)/(-10) + 621/(-15). Let d(q) = q**3 - 24*q**2 - 57*q + 199. Let w be d(26). Let n = t + w. What is the tens digit of n?
2
Let f(p) = -9*p**2 - p + 792. Let c(q) = -q**2 - 3*q + 4. Let l be c(-4). What is the hundreds digit of f(l)?
7
What is the hundreds digit of 5112709/302 + 14*2/8?
9
Suppose -5*o + 61210 = 2*r, -3*r - 7*o + 8*o + 91747 = 0. What is the thousands digit of r?
0
Let p(q) = q**3 + 30*q**2 + q + 77. What is the hundreds digit of p(-20)?
0
Suppose 0 = 13*g - 589 - 243. Let f = g - 4. What is the units digit of f?
0
Let h(j) be the second derivative of 39*j**5/20 - j**4/4 + 2*j**3/3 - 3*j**2/2 + 3*j - 42. What is the units digit of h(3)?
5
Let r = -323 - -130. Let i = r - -506. What is the tens digit of i?
1
Suppose -5*t + 5*z - 4*z - 131 = 0, t = -4*z - 43. Let c(f) = -3*f - 45. Let s be c(t). What is the tens digit of ((-54)/s)/(6/(-296))?
7
Suppose j + 2*j + 120 = g, 0 = -4*j + 5*g - 160. Let y = 102 - 40. Let w = y + j. What is the tens digit of w?
2
Suppose 2*u = -3*t - 19 + 18, 3 = u - 2*t. Let v be (195 - (1 + -2))/1. What is the tens digit of u*(1 - 2) + v + 0?
9
Let j(m) be the first derivative of m**5/30 + 5*m**4/12 + 17*m**3/6 + 12*m**2 + 12. Let i(w) be the second derivative of j(w). What is the tens digit of i(-11)?
4
Suppose 3*i + 0*k + 26 = -5*k, 0 = 4*i - 3*k - 4. What is the tens digit of (-3 - 119)/((-9)/i + -5)?
4
What is the tens digit of 43388*((-405)/60 + 7)?
4
Let a be (-5 - -11)*13/2. Suppose a*c + 44 = 43*c. Suppose -790 = -c*q + q. What is the tens digit of q?
7
Suppose -y = 4*y - 25. Suppose y*d - 26 - 14 = 0. Suppose -4*u - 236 = -d*u. What is the tens digit of u?
5
Suppose 21*h + 322803 - 555852 = 450249. What is the thousands digit of h?
2
Suppose -1228*s = -1209*s - 4465. What is the units digit of s?
5
Let d = 779 - 663. Suppose d*c = 134*c - 15192. What is the units digit of c?
4
Let w = 58 - 258. Let l be 4*1*660/8. Let v = w + l. What is the tens digit of v?
3
Let t = 18424 + -12705. What is the hundreds digit of t?
7
Let h(c) = 111*c - 38. Suppose -73 = -22*a + 37. What is the units digit of h(a)?
7
Let p = -600 - -1150. Suppose 5*w - 5*r = 650, 2*r + p = 4*w + 4*r. What is the tens digit of w?
3
Let n(x) = 52*x**2 - 46*x + 2245. What is the thousands digit of n(28)?
1
Let b be (-1)/(8/(-16))*1. Suppose 4*d - 33 = -2*l + 5, -b*l = d - 8. What is the tens digit of d?
1
Let i(h) = -3*h + 35. Let n be i(8). Let v = -662 + 1502. Suppose 16*j = n*j + v. What is the units digit of j?
8
Let t be 14 + (-1)/(4/(-96)*-4). What is the units digit of t*(-33)/(-176) - (-1353)/2?
8
Let w = -780 - -3762. What is the hundreds digit of w?
9
Let l(o) = o**3 - 9*o**2 + 2*o - 3. Let y = -37 + 46. Let h be l(y). What is the units digit of (-20)/h*81*(-3)/6?
4
Suppose 4*l + 136 = -4*c, 0*c = -5*l + 5*c - 170. Let u = l - -29. What is the tens digit of ((163/u)/1)/((-1)/5)?
6
Let a = 69389 + -37812. What is the thousands digit of a?
1
Suppose 0*q + 3*q - q = 0. Suppose -2*g - b = -0*g - 2073, q = -4*g - 5*b + 4149. What is the tens digit of g?
3
Let s be (-20)/(-25) - (-6)/5. Suppose s*m - m - 94 = 0. What is the tens digit of m?
9
Let i = 2 + -2. Let q(u) = 3*u**3 + 3*u**2 + 4*u + 1. Let t be q(-1). What is the units digit of 11*((t - i) + 4)?
1
Suppose -2*x = -1 - 11. Let d be 2120/16 + 9/x. Let b = d - 48. What is the tens digit of b?
8
Suppose 9*q + 9 - 9 = 0. Suppose q = -n + 74 + 119. Suppose 9*y - 50 = n. What is the tens digit of y?
2
Let c(b) be the second derivative of 5*b**4/12 + 3*b**3/2 - 15*b**2/2 + b. Let r = 1121 - 1127. What is the hundreds digit of c(r)?
1
Suppose -13*x + 53 + 2482 = 0. Suppose -3*k - p + x + 579 = 0, 4*k = -p + 1033. What is the tens digit of k?
5
Let u = 213 + -173. Suppose -35*b - 1775 = -u*b. What is the units digit of b?
5
Let l(i) = -3*i**3 - 3*i**2 - 12*i - 6. Let n(o) = -4*o + 6. Let b be n(3). What is the tens digit of l(b)?
0
Let i(o) = 2849*o. Let t(f) = -24 - 21 + 75*f + 45. Let u(j) = -2*i(j) + 77*t(j). What is the units digit of u(1)?
7
What is the units digit of (-10)/45 + 801526/99?
6
Suppose -2*i - i + 99 = 0. Suppose i = -8*v + 9. What is the hundreds digit of (25*3)/((-1)/4*v)?
1
Let t(y) = 18*y + 146. Let k be t(-8). What is the tens digit of -239*(26/39)/(k/(-6))?
7
Let o = 59 - 54. Suppose 2*g - 44 = -o*t - 9, -3*g + 40 = 5*t. What is the hundreds digit of t + -1 - (-93 + -8)?
1
Let a(i) = -10*i**2 - 19*i - 3. Let r(k) = 9*k**2 + 18*k + 3. Let f(n) = 3*a(n) + 4*r(n). Let u be f(4). Suppose -u = -s - 43. What is the hundreds digit of s?
1
What is the tens digit of 12970 + 86 + (-22)/(-2)?
6
Let p = -21137 + 78653. What is the tens digit of p/48 + (28/16)/(-7)?
9
Let a be (-3)/(15/20777) - 6/(-15). What is the tens digit of (-14)/35*a/(-12)*-6?
3
Suppose 0 = 109*y - 105*y - 2*g - 203658, 4*g = 4*y - 203644. What is the ten thousands digit of y?
5
Let s(k) = -455*k**3 - k**2 - 21*k + 7. What is the ten thousands digit of s(-5)?
5
Let s = -56 + 59. Suppose -4*r = -3*l - 6, -s*r = 2*l + l - 15. What is the tens digit of l + (344/10)/((-2)/(-10))?
7
Let q = 59 - 57. Let k be 9/(-27)*282/q. What is the units digit of 3/9 - k/3?
6
Let w(x) = 7*x + 363. Let i be w(0). Suppose -i*v = -362*v - 173. What is the hundreds digit of v?
1
Let k = 15 + 5. Let a = k + 80. What is the tens digit of (-8)/a*-5*240?
9
Let f be (2/4)/(-6 + (-549)/(-90)). Suppose -837 = -f*g - 127. What is the hundreds digit of g?
1
Suppose 0*o + 4*o = -w + 4044, -o - 5*w + 1011 = 0. Suppose -4*k + o = 3*n, k = -3*n - 2*k + 1011. What is the tens digit of n?
3
Suppose 0 = 2*z - 4*i + 32, 2*z - 5*i + 10 = -21. Let k = 152 + z. What is the hundreds digit of k?
1
Let j = -143 + 145. Suppose -z + 504 = j*s + 15, -459 = -2*s + 5*z. What is the hundreds digit of s?
2
Let g = 8 - 4. Let f = 133 + -38. Suppose f = c + 3*o, -g*o + 22 = c - 74. What is the tens digit of c?
9
Let m(i) = 2693*i - 270. What is the hundreds digit of m(3)?
8
Suppose 5*q - f + 78 - 37125 = 0, -2*q + 2*f = -14822. What is the thousands digit of q?
7
Suppose 2503075 = 223*i - 559607. What is the ten thousands digit of i?
1
What is the thousands digit of 60/25*(-3225)/(-6)?
1
Let z = -15837 - -22648. What is the thousands digit of z?
6
Suppose 3*a = z - 10412, 0 = -32*z + 31*z + 2*a + 10413. What is the ten thousands digit of z?
1
Let a = -123 + 116. Let z(g) = 27*g - 33. Let t(i) = -136*i + 164. Let m(b) = 3*t(b) + 14*z(b). What is the hundreds digit of m(a)?
2
Let g(i) = 6830*i + 5528. What is the hundreds digit of g(8)?
1
Suppose 1984 = 6*z - 3872. Let d = z + -489. What is the hundreds digit of d?
4
Let l = -67 + 76. Let u be 0/(4/10 + l/15). Suppose u = -4*p + 5*n + 748, n = 2*p - 161 - 207. What is the hundreds digit of p?
1
Let x be ((-40)/(-15) + -2)/(1/84). Let q = 58 - x. Suppose q*a + 8 = 0, 0 = -2*m + 4*m + a - 392. What is the units digit of m?
8
Suppose -16 = 11*a + 6. Let x be (2 + -37 - a)/(-3). Let s = 107 - x. What is the units digit of s?
6
Suppose -51243*t = -51244*t + 20788. What is the hundreds digit of t?
7
What is the hundreds digit of (-2175)/6*3978/(-85)?
9
Let w(a) 